t n(s) be the first derivative of s**3/3 - 3*s**2/2 - 7*s + 3. Determine n(5).
3
Suppose 5*k - 1 = -p, 2*k - 9 - 9 = 4*p. Suppose 5*b = -k + 11. Let q(a) = a**3 - 4*a - 1 - 2 - 3*a**b + 5*a**2. What is q(-3)?
0
Suppose -2*j - 11 = 5*x, 4*j + 3*x = -3 + 2. Let z(v) = 2 + j - v - 3*v. Let m = -2 + 5. Give z(m).
-8
Let j(k) = -k**2 + 4*k - 3. Suppose 3*s = -5*i - 31, s + i = 3*i + 8. Let y(f) = f**2 - f - 2. Let a be y(s). Determine j(a).
-3
Let i be (-6)/(-4)*(-3 + -1). Let s be (-2)/i + (-2)/(-3). Let w(v) = 4*v - v - s - 4 + v**2. Calculate w(-5).
5
Let z be ((-2)/(-5))/((-1)/(-5)). Let m(u) = -2*u**3 + 1 - 4*u**3 - 2*u**z + 0*u**3 + u**2. Let k = -3 + 2. What is m(k)?
6
Let s be -4 - (-1)/(-1) - -1. Let b(q) = -3*q. Calculate b(s).
12
Suppose 0 = 7*s - 2*s - 20. Let q(z) = -z**3 + 5*z**2 - 5*z + 1. Give q(s).
-3
Let d(l) = -48 + 23 + l + 26. Give d(0).
1
Let t(s) = 5*s + 4. Let z(w) = -8*w - 7*w**2 - 3 - 5 + 0*w**3 - w**3. Let k be z(-6). Let a be (6 + 0)*(-2)/k. Determine t(a).
-11
Let t(f) = -6*f**3 + 2*f**2 - 1. Let m be (6/3 - -1) + -1. Let s be m*(0 - (-2)/(-4)). Calculate t(s).
7
Let f(t) be the third derivative of -t**6/24 + t**5/30 + t**4/24 + 2*t**2. Suppose 4*b + 2 = 6. Let u(l) = -l**2 - l + 1. Let x be u(b). What is f(x)?
6
Suppose 32 = 5*q + 2*r, 8*q - 3*q - 5*r - 25 = 0. Suppose -62 + 26 = -q*k. Let a(d) = d**2 - 5*d - 5. Give a(k).
1
Let q(y) be the second derivative of y**4/12 + y**3/2 - y**2 - 5*y. Let g be q(-4). Let d(z) = -3 + 2*z**g - z**2 - 2*z**2 + 6*z - 1. Determine d(4).
4
Let a(u) = -4*u + u + 9 - 11*u**2 + u - 7*u**3. Let v(y) = 3*y**3 + 5*y**2 + y - 5. Let q(d) = 4*a(d) + 9*v(d). Determine q(0).
-9
Let d(t) = 5*t - 1. Suppose -4*z + 3*x - 2 = -8, 0 = -2*z - 3*x + 12. Suppose z*s + s - 4 = 0. Let y be (-4)/6 - s/3. Determine d(y).
-6
Let f(d) = 76*d - 154*d + 9 + 76*d. Determine f(8).
-7
Let p be (2/4)/((-5)/(-140)). Let r = p - 19. Let j(d) = -d**3 - 4*d**2 + 6*d + 3. Give j(r).
-2
Let n(s) be the second derivative of s**8/6720 - s**7/630 - s**5/40 + s**4/4 - 2*s. Let a(c) be the third derivative of n(c). Determine a(4).
-3
Let l(r) = r**2 - 2*r - 1. Let w be l(3). Suppose -4*o + 1 = -7. Let p(k) = -1 + 0*k**3 + k**3 - k**o + 4*k - 6*k. Determine p(w).
-1
Suppose -5*g - 3 = 27. Let v(r) = r - 5. Determine v(g).
-11
Suppose -2*v + 2 = -v, v - 2 = -4*x. Let t(r) = r - 11. What is t(x)?
-11
Let n(f) = f**2. Let t(r) = 13*r**2 - r. Let q(h) = 4*n(h) - t(h). Give q(1).
-8
Let r(y) = -8*y + 1. Let o = -20 + 30. Suppose -6*q = -q - o. Let w be (-1)/(2 + q + -3). Give r(w).
9
Suppose 6 = 2*t - t + f, -4*t - 5*f + 25 = 0. Suppose -2*x - 3 = -t*x. Let k be (1 - (1 + x)) + -2. Let u(v) = -v**3 - v**2 + 3*v - 2. What is u(k)?
7
Let l(i) = -32*i - 1 - 36*i - i**2 - 36*i + 102*i. Give l(-3).
-4
Let a(w) = -w**3 + w + 4. Suppose -4*o + s = -16, -2*o + 28 = 2*o - 4*s. Suppose 2 = 4*b - h, -4*b + 11 - o = -4*h. Calculate a(b).
4
Suppose -3*o - 2*s + 0*s + 16 = 0, -4*o = -4*s - 28. Let b(l) = 0*l - l**2 + 6*l + 1 + 2*l. What is b(o)?
13
Let c(k) = k**2 - 7*k - 3. Suppose -7 + 13 = y. Determine c(y).
-9
Let k(v) = v**3 - 3*v**2 - 3*v + 1. Suppose 3*w - 3*s - 14 = -s, -w - 2*s = 6. Determine k(w).
-9
Let p(b) = b**3 - 3*b**2 - b - 1. Let q be (4 + (-3 - -1))*2. Suppose -5*r + 2*r = -6. Suppose 17 = q*z - g, -2*z - r*g - 18 = -6*z. What is p(z)?
11
Let s(o) = -15 - 12 + 3*o + 18 - 2*o. Give s(0).
-9
Let m(b) = -b**3 - 12*b**2 - 4. Let x = 100 + -112. Give m(x).
-4
Let k(g) be the third derivative of g**6/120 + g**5/60 + g**4/24 - 2*g**3/3 - 2*g**2. Determine k(0).
-4
Let c(z) = -10*z + z**2 + 3*z + 6 + 0*z. Let i(t) = 6*t - 4*t**2 + 0*t**2 - 1 + t**2 + 2*t**2. Let r be i(5). What is c(r)?
-6
Let g(j) = j - 4. Let d(h) = 4*h - 11. Let m be 3/(-5) - (-36)/(-15). Let s(x) = m*d(x) + 8*g(x). Let f(o) = o**2 + 6*o + 3. Let y be f(-5). Calculate s(y).
9
Suppose 4*a + 3*t = -a + 12, 5*t - 20 = -3*a. Let o(j) = j**2 - j - 7. Give o(a).
-7
Suppose 4 = -3*c - 8. Let u(v) be the second derivative of v**4/6 + 2*v**3/3 - 3*v**2/2 + 3*v. Determine u(c).
13
Let s(k) be the second derivative of k**3/2 + 5*k**2/2 - 7*k. What is s(-6)?
-13
Suppose -20*g - 4 = -18*g. Let a(s) = 4*s**2 - 2*s - 3. Determine a(g).
17
Let j(f) = f**2 - 7*f - 1. Let u = 40 + -34. Determine j(u).
-7
Let i(v) be the first derivative of 0*v - 9/2*v**2 - 2. Give i(1).
-9
Suppose 0 = -f + 3*f + 18. Let y(b) = -5*b - 5. Let n(l) = 21*l + 21. Let t(k) = f*y(k) - 2*n(k). Give t(-2).
-3
Let j(c) = -c**2 - 2*c + 3. Suppose h = -5*p + 20, -2*h = 2*p - 0*h. Let m = p - 9. Calculate j(m).
-5
Suppose -3*a + 6 = -6. Let b(p) = -p**2 + 7*p - 5. What is b(a)?
7
Let s = 0 + 5. Let n(m) = m**3 - 9*m**2 + 10*m - 5. Let r(j) = j**2 - j. Let t(d) = -n(d) - 3*r(d). Determine t(s).
-5
Suppose -5*j + 3*r + 79 = -j, j = 3*r + 13. Suppose -4*d = -j + 2. Let k(a) = 3*a - 6. Calculate k(d).
9
Suppose 0*f + 2*f = -5*i - 8, i = -2*f. Let d(z) = 3*z**2 + 2*z + 1. Determine d(i).
9
Let a(i) be the first derivative of i**4/4 - 5*i**3/3 - 3*i**2 - 3*i + 62. Calculate a(6).
-3
Let p(j) = j**2 + j + 5. Let y be -3 + (-8)/(24/(-9)). What is p(y)?
5
Let v(t) = -6*t**2 - 31*t. Let f(j) = j**2 + 6*j. Let c(x) = -11*f(x) - 2*v(x). Let a be (-8)/(-5) + 6/15. Give c(a).
-4
Let y be 3/((-1)/(-1) - 0). Let s(f) = -f + 3 - 6 - y. Let p(r) = -r**2 - 9*r - 8. Let i be p(-8). Determine s(i).
-6
Suppose -9*r - 9 + 36 = 0. Let d(p) = -10*p + 1. Give d(r).
-29
Let t(j) = -5*j. Let m(b) = 81*b. Let d(g) = -2*m(g) - 33*t(g). Determine d(4).
12
Let d(s) = -3*s**3 - 10*s**2 + 3*s - 1. Let o(c) = 2*c**3 + 5*c**2 - c + 1. Let m(k) = 3*d(k) + 5*o(k). Let p = 81 + -77. Determine m(p).
2
Let a(l) = 3*l + 7. Let i(j) = 4*j + 7. Let z(x) = -5*a(x) + 4*i(x). What is z(-6)?
-13
Let m(n) = -n**2 - n - 1. Let r(i) = i**3 + 6*i**2 + 4*i - 1. Let w(j) = -5*j. Let c be w(1). Let q be r(c). Suppose 12 = -q*u - 0. Give m(u).
-7
Let h(w) = -w - 5 - 5 + 3 + 2. What is h(0)?
-5
Let c = 51 - 49. Let q(y) = y**3 - 2*y**2 - y. Give q(c).
-2
Let c = 2 - 0. Let o be (c - 12/3) + 7. Let t(s) = -1 + s - s**2 - 7*s + o. Calculate t(-5).
9
Let w(g) be the first derivative of -g**4/4 - g**3 + g**2 + 4*g - 6. Calculate w(-3).
-2
Let l(d) be the third derivative of -d**4/24 + d**3/6 + 14*d**2. Let b = -8 - -3. Determine l(b).
6
Let g be (-19)/7 + (-6)/21. Let f = g - -7. Let o(u) = 3*u + 0 + 2*u + 2 - f*u. Give o(-3).
-1
Let k(p) = p**2 + 13*p + 16. Suppose -15 = 7*n + 69. What is k(n)?
4
Let p(a) be the second derivative of -a**4/3 + a**2/2 + 2*a. Determine p(1).
-3
Let p(b) = b**3 - 6*b**2 + 4*b + 7. Suppose -5*a = -4*s - 2 - 17, 5*s = 5*a - 20. Let j be 1 - (s - 6 - -3). Calculate p(j).
2
Let i(m) = -m**2 - 3*m + 4. Let l be i(-3). Let h(a) = 2*a**2 - 4*a**2 + l*a - 3*a - a**2. Let g(s) = -s + 8. Let c be g(7). What is h(c)?
-2
Let h(t) = t**2 - t - 1. Let b(n) be the first derivative of 5*n - 2 + 9/2*n**2 - 2*n**3. Let z(s) = b(s) + 5*h(s). What is z(3)?
3
Let g(b) = b**2 - 20*b + 18. Let y be g(19). Let l(p) = 6*p**3 - 15*p**2 - 13*p. Let k(x) = 3*x**3 - 7*x**2 - 6*x. Let f(c) = -13*k(c) + 6*l(c). What is f(y)?
4
Suppose -2*k - 4 = -4*k. Let q(g) = g**3 - 5*g**2 + 3*g - 1. Determine q(k).
-7
Let u be (2/(-7))/((-1)/7). Let n(z) = 5*z**3 - 1 + 2*z - z**3 + 5*z**u - 3*z**3. Let s be (-4)/6 - (-20)/(-6). What is n(s)?
7
Let g be (-2)/(-13) - 96/(-52). Let k(z) = -2*z**2 + 2. Give k(g).
-6
Suppose -5*q + 10 = -j, j + 3*q + 0 - 6 = 0. Let l(z) be the first derivative of 1/2*z**2 - 3 - z. What is l(j)?
-1
Let k(u) = u**3 - 5*u**2 - 5*u - 5. Let c = -31 - -22. Let z = -9 - c. Let f be 1 + z - (-1 - 4). Calculate k(f).
1
Let m(a) = 15*a - 11. Let d(x) = -7*x + 5. Let u(k) = -13*d(k) - 6*m(k). Calculate u(2).
3
Let i(j) = 7*j**2 - j. Suppose -3*x = -7 - 17. Let s = 9 - x. Calculate i(s).
6
Let o(g) = -g**2 - 7*g - 9. Let v = 44 + -50. What is o(v)?
-3
Let f(b) = 0*b**2 - 2*b**2 - 25*b - 2 - b**3 + 27*b. Calculate f(-3).
1
Suppose 4*c - l = 4*l + 17, 0 = -3*c + 5*l + 14. Let t(u) = 2 + u - 4 - 2*u**2 + u**2 + 4*u**2 - u**3. What is t(c)?
1
Let v(b) = 2*b - 8. Let f be v(6). Let t = f + 1. Let p(n) be the third derivative of n**5/60 - 5*n**4/24 - 5*n**3/6 + 2*n**2. Determine p(t).
-5
Suppose -5*a = -3*a - 2. Let u be ((-1)/a*0)/(-1). Let j(r) = -4*r - 2 + 2*r + u